ded by 2883.
739
Calculate the remainder when 5033 is divided by 977.
148
What is the remainder when 640118 is divided by 52?
50
Calculate the remainder when 11633 is divided by 137.
125
Calculate the remainder when 2435 is divided by 744.
203
Calculate the remainder when 16881 is divided by 704.
689
Calculate the remainder when 1432246 is divided by 25.
21
Calculate the remainder when 151717 is divided by 25286.
1
What is the remainder when 24618 is divided by 1057?
307
What is the remainder when 188691 is divided by 6?
3
What is the remainder when 18367 is divided by 213?
49
Calculate the remainder when 189449 is divided by 15.
14
What is the remainder when 1054306 is divided by 310?
306
What is the remainder when 62748 is divided by 3135?
48
Calculate the remainder when 101424 is divided by 428.
416
What is the remainder when 131264 is divided by 594?
584
Calculate the remainder when 1395 is divided by 446.
57
Calculate the remainder when 135 is divided by 106.
29
Calculate the remainder when 146573 is divided by 34.
33
Calculate the remainder when 1036727 is divided by 1122.
1121
What is the remainder when 23430 is divided by 18?
12
Calculate the remainder when 757 is divided by 62.
13
What is the remainder when 3136 is divided by 521?
10
Calculate the remainder when 240609 is divided by 216.
201
What is the remainder when 3485 is divided by 1008?
461
What is the remainder when 17644 is divided by 86?
14
Calculate the remainder when 366 is divided by 34.
26
Calculate the remainder when 47885 is divided by 151.
18
What is the remainder when 80720 is divided by 40335?
50
What is the remainder when 521744 is divided by 20?
4
Calculate the remainder when 1917 is divided by 884.
149
What is the remainder when 320758 is divided by 323?
19
Calculate the remainder when 61329 is divided by 20442.
3
What is the remainder when 239208 is divided by 9?
6
Calculate the remainder when 205691 is divided by 64.
59
Calculate the remainder when 1000756 is divided by 34.
0
Calculate the remainder when 5898 is divided by 111.
15
Calculate the remainder when 5432 is divided by 1655.
467
Calculate the remainder when 2422 is divided by 12.
10
What is the remainder when 35881 is divided by 81?
79
Calculate the remainder when 16385 is divided by 1092.
5
Calculate the remainder when 7017 is divided by 130.
127
What is the remainder when 13316 is divided by 311?
254
What is the remainder when 8711 is divided by 2902?
5
Calculate the remainder when 120510 is divided by 133.
12
What is the remainder when 46254 is divided by 43?
29
What is the remainder when 23380 is divided by 4636?
200
What is the remainder when 140249 is divided by 373?
1
Calculate the remainder when 282137 is divided by 307.
4
What is the remainder when 32828 is divided by 10937?
17
Calculate the remainder when 153963 is divided by 35.
33
Calculate the remainder when 11278 is divided by 1400.
78
What is the remainder when 8567671 is divided by 415?
411
What is the remainder when 214169 is divided by 22?
21
What is the remainder when 8901010 is divided by 17?
14
What is the remainder when 3772 is divided by 1086?
514
What is the remainder when 42304 is divided by 323?
314
Calculate the remainder when 1207 is divided by 121.
118
Calculate the remainder when 197 is divided by 119.
78
Calculate the remainder when 8791 is divided by 349.
66
What is the remainder when 7964 is divided by 1991?
0
What is the remainder when 4028222 is divided by 5?
2
Calculate the remainder when 4486 is divided by 1455.
121
Calculate the remainder when 2820 is divided by 2.
0
What is the remainder when 76472 is divided by 45?
17
Calculate the remainder when 8997 is divided by 132.
21
What is the remainder when 952068 is divided by 58?
56
Calculate the remainder when 12729 is divided by 202.
3
What is the remainder when 3547 is divided by 42?
19
Calculate the remainder when 5166 is divided by 347.
308
Calculate the remainder when 19414 is divided by 78.
70
What is the remainder when 6797 is divided by 3370?
57
Calculate the remainder when 52223 is divided by 102.
101
Calculate the remainder when 129328 is divided by 555.
13
Calculate the remainder when 309 is divided by 305.
4
Calculate the remainder when 25165 is divided by 249.
16
Calculate the remainder when 4149 is divided by 56.
5
Calculate the remainder when 73733 is divided by 386.
7
What is the remainder when 2326 is divided by 17?
14
What is the remainder when 2202 is divided by 221?
213
Calculate the remainder when 11547 is divided by 527.
480
What is the remainder when 1129 is divided by 615?
514
What is the remainder when 568913 is divided by 17?
8
Calculate the remainder when 369016 is divided by 644.
4
What is the remainder when 14543 is divided by 355?
343
Calculate the remainder when 35666 is divided by 8915.
6
Calculate the remainder when 11124 is divided by 131.
120
What is the remainder when 234979 is divided by 31?
30
What is the remainder when 114928 is divided by 3830?
28
Calculate the remainder when 85536 is divided by 74.
66
What is the remainder when 7289 is divided by 7271?
18
What is the remainder when 7570 is divided by 145?
30
Calculate the remainder when 161497 is divided by 10.
7
Calculate the remainder when 186119 is divided by 31017.
17
Calculate the remainder when 2574 is divided by 261.
225
Calculate the remainder when 899 is divided by 309.
281
What is the remainder when 60004 is divided by 293?
232
Calculate the remainder when 80658 is divided by 172.
162
Calculate the remainder when 544176 is divided by 695.
686
What is the remainder when 123323 is divided by 12313?
193
What is the remainder when 71443 is divided by 7937?
10
What is the remainder when 3026 is divided by 6?
2
What is the remainder when 414472 is divided by 281?
278
Calculate the remainder when 11536 is divided by 33.
19
What is the remainder when 15922 is divided by 1767?
19
What is the remainder when 10892 is divided by 3622?
26
What is the remainder when 208646 is divided by 118?
22
What is the remainder when 4385785 is divided by 7?
5
What is the remainder when 192102 is divided by 15?
12
What is the remainder when 17804 is divided by 1339?
397
Calculate the remainder when 873909 is divided by 8.
5
What is the remainder when 1163 is divided by 298?
269
Calculate the remainder when 36952 is divided by 66.
58
Calculate the remainder when 1308055 is divided by 1677.
1672
What is the remainder when 2696 is divided by 1267?
162
Calculate the remainder when 36793 is divided by 575.
568
Calculate the remainder when 12365 is divided by 352.
45
Calculate the remainder when 2691 is divided by 452.
431
Calculate the remainder when 7212 is divided by 7097.
115
What is the remainder when 5387 is divided by 1756?
119
What is the remainder when 1453 is divided by 856?
597
What is the remainder when 667733 is divided by 191?
188
Calculate the remainder when 147501 is divided by 403.
3
Calculate the remainder when 13886 is divided by 1942.
292
Calculate the remainder when 24781 is divided by 243.
238
Calculate the remainder when 8046 is divided by 710.
236
What is the remainder when 72133 is divided by 139?
131
What is the remainder when 2351157 is divided by 24?
21
Calculate the remainder when 95441 is divided by 25.
16
What is the remainder when 69338 is divided by 17331?
14
Calculate the remainder when 1065 is divided by 67.
60
What is the remainder when 43319 is divided by 43319?
0
What is the remainder when 4839 is divided by 50?
39
Calculate the remainder when 6903 is divided by 338.
143
Calculate the remainder when 51 is divided by 4.
3
What is the remainder when 88104 is divided by 1103?
967
What is the remainder when 3133 is divided by 143?
130
What is the remainder when 93003 is divided by 39?
27
What is the remainder when 403863 is divided by 6?
3
Calculate the remainder when 18396 is divided by 9040.
316
Calculate the remainder when 1980 is divided by 122.
28
What is the remainder when 4754 is divided by 1216?
1106
What is the remainder when 1189925 is divided by 191?
186
Calculate the remainder when 8191 is divided by 4092.
7
Calculate the remainder when 11718 is divided by 144.
54
Calculate the remainder when 50290 is divided by 1676.
10
What is the remainder when 488